) = 7*i + i**3 + 76 - 41 - 26 + 7*i**2. Determine v(-6).
3
Let k = -61 + 61. Let y(z) = -z**2 - z + 41. What is y(k)?
41
Let w(c) = 4 + 14 - 3 + 6*c. Let s(x) = -2*x - 9. Let r be s(-8). Let p(b) = 3*b + 8. Let h(v) = r*p(v) - 4*w(v). Calculate h(-4).
8
Let x(j) = 3*j**2 + 0*j + 0 + 1 + 6*j - j**3 - 2 - 2. Give x(5).
-23
Let n(s) be the third derivative of -s**5/15 + s**4/24 + 24*s**2. Give n(-1).
-5
Let d(g) = -g**3 - 8*g**2 - 4*g + 19. Let p be d(-7). Let i(u) = 4*u + 2. Give i(p).
-6
Let z(n) = -n**3 + 13*n**2 + 15*n - 15. Let m = -44 - -58. Give z(m).
-1
Let z(i) = 4*i**2 - 11*i. Let t(d) = 5*d**2 - 12*d + 1. Let q(y) = -5*t(y) + 6*z(y). Let l be q(-4). Let u(p) = p + 2. What is u(l)?
5
Let i(n) be the third derivative of n**4/24 - n**3/6 + 16*n**2. Let v be (-23)/7 - 2/(-7). Determine i(v).
-4
Let w(y) = 2*y + 5. Let x(n) = -n - 4. Let p(z) = -3*w(z) - 2*x(z). Suppose -3*c = 3*l + 2*l + 3, 0 = -4*c + 2*l + 22. Let a be -8 + 12/c + -1. Calculate p(a).
17
Let h(o) = -20*o + 22. Let j(z) = 7*z - 7. Let t(s) = -3*h(s) - 8*j(s). Determine t(7).
18
Let w(q) be the third derivative of -q**7/504 + q**6/360 + q**5/120 + 5*q**4/12 + 37*q**2. Let k(l) be the second derivative of w(l). Calculate k(2).
-15
Let o(y) = -240*y**2 - 239*y**2 + 3 - 247*y**2 + 727*y**2. Determine o(-4).
19
Let i(q) = -2*q + 1. Suppose -2*x + 5 = 5*c - 11, -4*c = 3*x - 10. Let y = -1 + c. Suppose 6 = -u - 2*b, y*u + u - 2*b = -4. Determine i(u).
5
Let n(m) = 3*m**2 + 10*m - 12. Let h(g) = -g**2 - 3*g + 4. Let x(z) = 11*h(z) + 4*n(z). Give x(-7).
-4
Let m(y) = 45*y - 101*y + 45*y + 8 - 2*y**2 + y**2 + 3*y**2. Determine m(8).
48
Suppose u + o + 3*o + 15 = 0, 0 = 2*o + 8. Let v(a) = -10*a**2 - a + 1. What is v(u)?
-10
Suppose -40*y = -37*y - 15. Let v(n) = -3*n + 7. Give v(y).
-8
Let r(i) be the second derivative of i**5/20 - i**4/12 - i**3/3 - 3*i**2/2 + i. Suppose -14*n + 96 = 2*n. Suppose -9 = 3*t - n*t. Give r(t).
9
Let u(n) = -n + 2. Suppose 49*t - 39*t = 0. Give u(t).
2
Let f(j) be the first derivative of 0*j + 1/3*j**3 - 5/2*j**2 - 6. Give f(4).
-4
Let p(c) be the second derivative of c**6/360 - 7*c**5/120 + c**4/6 - 11*c**3/3 - 13*c. Let y(k) be the second derivative of p(k). Calculate y(6).
-2
Let j(t) = 2*t + 3. Let a(h) = 4*h + 5. Suppose -19*u + 22 = -21*u. Let l(c) = u*j(c) + 6*a(c). Calculate l(3).
3
Let h(v) be the second derivative of -6*v + 0*v**5 - 1/720*v**6 + 0*v**2 + 0*v**3 - 1/6*v**4 + 0. Let m(j) be the third derivative of h(j). Calculate m(2).
-2
Let g(q) = -2*q - 4. Suppose 0 = 7*n + 3*n + 40. Determine g(n).
4
Let x(y) = -y**3 + 4*y**2 + 2*y - 1. Let o be x(4). Suppose 20 = o*k - 3*k. Let v(i) = -2*i**2 + 4 - 2*i + 2*i - 1 - k*i. Give v(-4).
-9
Let f be (2 - -13)*4/(-10). Let b(v) be the third derivative of v**4/24 + v**3/3 + 3*v**2 - 3*v. What is b(f)?
-4
Let w = -632 + 636. Let c(g) = 3*g**2 - 10*g. Give c(w).
8
Let v = 1 - 3. Let k(s) = 5*s**3 + 10*s**2 + 15*s - 7. Let t(r) = -6*r**3 - 12*r**2 - 18*r + 8. Let n(m) = -7*k(m) - 6*t(m). Determine n(v).
-5
Let r be ((-4)/1)/(-4) - 2. Let l(m) = 9*m**3 + 2*m**2 + 4*m - 1. Let p(v) = 19*v**3 + 4*v**2 + 9*v - 3. Let i(j) = -5*l(j) + 2*p(j). Determine i(r).
6
Let u = -17 - -25. Suppose 2*r - 10 = h - 1, 0 = -r + 5*h - 18. Let g(k) = r*k - 1 - u*k + 2. Calculate g(-2).
3
Let p(w) be the second derivative of 3*w**5/10 + w**4/12 - w**3/3 + w**2/2 - w. Let r(g) = -36*g - 3383. Let z be r(-94). Calculate p(z).
6
Let t(g) = -g**3 + 8*g**2 + g - 9. Let q be t(8). Let s(u) be the second derivative of 0 + u - 5/6*u**3 - 1/2*u**2. Calculate s(q).
4
Let r(m) = 16*m - 1. Let q(f) = -16*f + 2. Let b(a) = 2*q(a) + 3*r(a). Let h be (-4)/(-2) + (-12)/4. Determine b(h).
-15
Suppose -5*l = -3*l - 8. Let y(a) be the third derivative of -a**6/360 + a**5/40 + a**4/12 + 3*a**2. Let d(t) be the second derivative of y(t). Give d(l).
-5
Let l(u) = 17*u + 5. Let r(x) = -3*x - 1. Let k(s) = l(s) + 6*r(s). Give k(-14).
13
Let c(u) = u**2 + 56*u + 255. Let q be c(-5). Let s(d) be the second derivative of -d**3/6 + d**2/2 - 4*d. Give s(q).
1
Let f(b) = 9*b + 11. Let u(o) = -4*o - 6. Let k(m) = -3*f(m) - 7*u(m). Calculate k(-9).
0
Let z(x) = x - 5. Let v be z(0). Let d(t) be the third derivative of t**2 + 0 + 0*t + 1/15*t**5 + 0*t**3 - 5/24*t**4 + 1/120*t**6. Give d(v).
0
Let z(m) = -19*m. Suppose 22*r - 19*r + 1 = -4*f, r = -3. Give z(f).
-38
Suppose -30*a - 35 = -35*a. Suppose -a*s + 9 = -5. Let j(k) = s + 7 - 8 - 2*k. Give j(-6).
13
Let f be 5 - -12*(-18)/24. Let o(b) = 4*b - 5. Give o(f).
-21
Suppose 8*n - 422 = -454. Let f(b) be the first derivative of b**2/2 - b + 1. Determine f(n).
-5
Let d = -22 + 37. Let w(r) = -5*r + 17 + 21 + 6*r - d. What is w(0)?
23
Let i(s) = -146 + 67 + 78 - 4*s. Determine i(2).
-9
Suppose 0 = j - 2*j + 2*o - 6, 0 = 4*j + 5*o - 41. Let u(z) be the first derivative of -7/4*z**j - 5 + 0*z**3 - z + 0*z**2. Give u(-1).
6
Let k = 5 + -9. Let b be -3*(28/(-6) + 3). Let p(s) = 28*s - 2 + 24*s - 49*s + 3 + b*s**2 + s**3. What is p(k)?
5
Let i(q) be the third derivative of -q**6/120 - 3*q**5/20 - 3*q**4/8 + q**3/2 + 34*q**2. Give i(-8).
11
Let c(f) = f**2 - 11*f - 17. Suppose 5*y = u - 38, -6*y - 7 = u - 2*y. Give c(u).
9
Let o(q) = -q - 17. Let x(b) = -b**3 + 13*b**2 - 15. Let t be x(13). Calculate o(t).
-2
Let y = -10 - -11. Let m(j) be the first derivative of 2/3*j**3 - j + 2 + 0*j**2. Determine m(y).
1
Let j(s) = -6*s + 29. Let c be j(6). Let k(y) = 3*y - 5 + 0 + 15 - 3. What is k(c)?
-14
Let s(a) = 5*a - 2*a + a**2 - 1 + 2*a. Let n be -9*1/1 - -6. What is s(n)?
-7
Let y(v) = -v**2 - 6*v. Let m(r) = -r**2 - r - 1. Let j(u) = -2*m(u) + y(u). Suppose 0 = -6*b + 53 - 23. What is j(b)?
7
Let m = -472 + 474. Let t(q) = 3*q**2 - 7*q + 9. Determine t(m).
7
Let h(f) = f**2 + f - 9. Let y be h(-4). Let k(l) = -y - 1 + l**2 - 2*l + 5. Let n = -18 - -20. Give k(n).
1
Let b(f) = 3 + 29*f - 70*f - 4 + 26*f. Calculate b(2).
-31
Let c(q) be the third derivative of -q**5/60 + q**4/2 - 2*q**3 - 20*q**2. Let d(w) = w**2 - 13*w + 13. Let f(g) = -5*c(g) - 4*d(g). Calculate f(7).
1
Let v(s) = s**2 + 8*s - 1. Let w be v(-8). Let z be 1*(-1 + 1)*w. Suppose z = -3*p + 6*p + 12. Let r(i) = i + 1. Determine r(p).
-3
Let t(f) be the third derivative of 5/6*f**3 + 1/24*f**4 + 23*f**2 + 2*f + 0. What is t(-7)?
-2
Let n = 573 + -570. Let z(r) be the third derivative of -r**4/8 + 2*r**3/3 + 2*r**2. Determine z(n).
-5
Let d(w) = -w**2 + 6*w + 8. Let f(j) = -j**2 - 6*j + 1. Let o = -38 + 33. Let u be f(o). Give d(u).
8
Let d(s) = 3*s**2 + s - 4. Let w(y) = -y**3 + 14*y**2 + 12*y + 42. Let o be w(15). Give d(o).
20
Let n(a) = 4*a + 5. Let y(c) = -9*c - 2. Let l(s) = -17*s - 5. Let o = -23 + 19. Let b(i) = o*l(i) + 7*y(i). Let j(f) = 3*b(f) - 4*n(f). Calculate j(-5).
3
Let z(g) = -g. Suppose 0 = -5*u + a - 5, 5*a + 0 - 4 = 4*u. Determine z(u).
1
Suppose 0 = -5*m - 1 + 36. Let t(j) be the second derivative of 0 - j**3 + j - 4*j**2 + 1/12*j**4. Calculate t(m).
-1
Let w(x) = x**2 + x - 1. Let u(z) = -4*z**2 - 7*z + 2. Let t(m) = u(m) + 6*w(m). Let o be t(2). Let f(b) = 0*b**2 - 2*b**2 + b**2 - 2*b. Calculate f(o).
-8
Suppose 4*i - 3*i + 30 = -2*l, 0 = -4*l + 3*i - 60. Let t(s) = 3*s + 35. Calculate t(l).
-10
Let t(o) be the third derivative of o**5/60 - 7*o**4/24 - o**3/2 + 13*o**2. Suppose 0 = -h + 3*v + 17, -h + 3*v + 14 = v. Give t(h).
5
Let d(c) = -3*c**2 + 13*c + 2 + 0*c - c**2 - 15*c**3. Let h(g) = 7*g**3 + 2*g**2 - 6*g - 1. Let s(v) = 6*d(v) + 13*h(v). Let p = -581 + 582. Determine s(p).
2
Let s(z) = z**3 + 5*z**3 - 73634 + 73628 - 5*z**3 - 3*z**2 + 5*z**2 - 2*z. What is s(-3)?
-9
Suppose 2*a - 3*p + 1 = 0, 4*a + 3 - 16 = 3*p. Suppose -5*o = -a*o - 2. Let m(k) = -2 + 0 + 7*k**2 - 5 + 6. Determine m(o).
6
Let s(d) = 12*d. Let q(h) = -73*h - 7. Let w(x) = q(x) + 6*s(x). Determine w(-5).
-2
Let j(b) = 7*b + 2. Let f(z) = 8*z + 1. Let k(c) = -2*f(c) + 3*j(c). Suppose 4*i - 3 = -11. What is k(i)?
-6
Let d(v) = 2*v - 9. Let m(n) = -2*n + 22. Let z be m(10). Suppose -2*y + 50 = 2*a - 3*y, z*a - 2*y = 54. Let c = a - 17. Determine d(c).
3
Let t(m) = m**2 - 2*m - 4. Suppose 2*x - 9*w = -4*w - 8, -5*x + 3*w = -18. Let q = 16 - -4. Suppose -f + x*f = q. What is t(f)?
4
Let v(m) = 73*m**2 + 72*m**2 - 2*m**3 - 145*m**2 - 3*m. What is v(-3)?
63
Let c